{"id":14667,"date":"2025-07-03T11:14:20","date_gmt":"2025-07-03T17:14:20","guid":{"rendered":"https:\/\/www.implanguanajuato.gob.mx\/?page_id=14667"},"modified":"2025-08-14T13:56:57","modified_gmt":"2025-08-14T19:56:57","slug":"pgm","status":"publish","type":"page","link":"https:\/\/www.implanguanajuato.gob.mx\/?page_id=14667","title":{"rendered":"PGM"},"content":{"rendered":"\t\t<div data-elementor-type=\"wp-page\" data-elementor-id=\"14667\" class=\"elementor elementor-14667\" data-elementor-post-type=\"page\">\n\t\t\t\t\t\t<section class=\"elementor-section elementor-top-section elementor-element elementor-element-74c53dd elementor-section-boxed elementor-section-height-default elementor-section-height-default\" data-id=\"74c53dd\" data-element_type=\"section\" data-e-type=\"section\">\n\t\t\t\t\t\t<div class=\"elementor-container elementor-column-gap-default\">\n\t\t\t\t\t<div class=\"elementor-column elementor-col-100 elementor-top-column elementor-element elementor-element-a92d517\" data-id=\"a92d517\" data-element_type=\"column\" data-e-type=\"column\">\n\t\t\t<div class=\"elementor-widget-wrap elementor-element-populated\">\n\t\t\t\t\t\t<div class=\"elementor-element elementor-element-d11af1b elementor-widget elementor-widget-image\" data-id=\"d11af1b\" data-element_type=\"widget\" data-e-type=\"widget\" data-widget_type=\"image.default\">\n\t\t\t\t<div class=\"elementor-widget-container\">\n\t\t\t\t\t\t\t\t\t\t\t\t\t\t\t<img fetchpriority=\"high\" decoding=\"async\" width=\"768\" height=\"336\" src=\"https:\/\/www.implanguanajuato.gob.mx\/wp-content\/uploads\/2025\/07\/PGM-banner-768x336.jpg\" class=\"attachment-medium_large size-medium_large wp-image-14680\" alt=\"\" srcset=\"https:\/\/www.implanguanajuato.gob.mx\/wp-content\/uploads\/2025\/07\/PGM-banner-768x336.jpg 768w, https:\/\/www.implanguanajuato.gob.mx\/wp-content\/uploads\/2025\/07\/PGM-banner-300x131.jpg 300w, https:\/\/www.implanguanajuato.gob.mx\/wp-content\/uploads\/2025\/07\/PGM-banner-1024x448.jpg 1024w, https:\/\/www.implanguanajuato.gob.mx\/wp-content\/uploads\/2025\/07\/PGM-banner-1536x672.jpg 1536w, https:\/\/www.implanguanajuato.gob.mx\/wp-content\/uploads\/2025\/07\/PGM-banner-2048x895.jpg 2048w\" sizes=\"(max-width: 768px) 100vw, 768px\" \/>\t\t\t\t\t\t\t\t\t\t\t\t\t\t\t<\/div>\n\t\t\t\t<\/div>\n\t\t\t\t\t<\/div>\n\t\t<\/div>\n\t\t\t\t\t<\/div>\n\t\t<\/section>\n\t\t\t\t<section class=\"elementor-section elementor-top-section elementor-element elementor-element-4d939e0 elementor-section-boxed elementor-section-height-default elementor-section-height-default\" data-id=\"4d939e0\" data-element_type=\"section\" data-e-type=\"section\">\n\t\t\t\t\t\t<div class=\"elementor-container elementor-column-gap-default\">\n\t\t\t\t\t<div class=\"elementor-column elementor-col-100 elementor-top-column elementor-element elementor-element-5cbc6e7\" data-id=\"5cbc6e7\" data-element_type=\"column\" data-e-type=\"column\">\n\t\t\t<div class=\"elementor-widget-wrap elementor-element-populated\">\n\t\t\t\t\t\t<div class=\"elementor-element elementor-element-386b9c4 elementor-widget elementor-widget-heading\" data-id=\"386b9c4\" data-element_type=\"widget\" data-e-type=\"widget\" data-widget_type=\"heading.default\">\n\t\t\t\t<div class=\"elementor-widget-container\">\n\t\t\t\t\t<h2 class=\"elementor-heading-title elementor-size-default\">Programa de Gobierno Municipal 2024-2027<\/h2>\t\t\t\t<\/div>\n\t\t\t\t<\/div>\n\t\t\t\t<div class=\"elementor-element elementor-element-eba30b2 elementor-widget elementor-widget-text-editor\" data-id=\"eba30b2\" data-element_type=\"widget\" data-e-type=\"widget\" data-widget_type=\"text-editor.default\">\n\t\t\t\t<div class=\"elementor-widget-container\">\n\t\t\t\t\t\t\t\t\t<p style=\"text-align: justify;\"><span style=\"font-family: tahoma, arial, helvetica, sans-serif;\">El Programa de Gobierno Municipal de Guanajuato 2024-2027 est\u00e1 construido sobre los principios de transparencia, compromiso y de trabajo conjunto. Es un instrumento de planeaci\u00f3n que contiene los objetivos y las estrategias que sirven de base a las actividades de la administraci\u00f3n p\u00fablica municipal de forma que aseguren el cumplimiento del Plan Municipal de Desarrollo (PMD). <\/span><br \/><span style=\"font-family: tahoma, arial, helvetica, sans-serif;\">Para su elaboraci\u00f3n, se han valorado la inclusi\u00f3n de las acciones previstas en la propuesta de gobierno: Plataforma 3X3, 3 frentes de acci\u00f3n, 3 a\u00f1os por el bien de Guanajuato, que contiene las propuestas presentadas en la campa\u00f1a electoral. <\/span><br \/><span style=\"font-family: tahoma, arial, helvetica, sans-serif;\">Contiene tres ejes centrales: Guanajuato Fluye; Guanajuato Convive; y Guanajuato Adelante. De estas derivan veintitr\u00e9s l\u00edneas estrat\u00e9gicas que transversalizan objetivos, metas, indicadores, estrategias y acciones. <\/span><br \/><span style=\"font-family: tahoma, arial, helvetica, sans-serif;\">El instrumento fue aprobado por el H. Ayuntamiento en Sesi\u00f3n Ordinaria n\u00famero 10, celebrada el 10 de febrero de 2025, en el punto n\u00famero 7 del orden del d\u00eda; fue publicado en el Peri\u00f3dico Oficial del Gobierno del Estado de Guanajuato el 27 de mayo de 2025, n\u00famero 105 segunda parte.<\/span><\/p><p style=\"text-align: justify;\"><span style=\"font-family: tahoma, arial, helvetica, sans-serif;\">Publicaci\u00f3n en el Peri\u00f3dico Oficial del Estado del Estado de Guanajuato<\/span><\/p><p style=\"text-align: justify;\"><a href=\"http:\/\/www.implanguanajuato.gob.mx\/archivos\/PO_PGMgto2024_2027.pdf\" target=\"_blank\" rel=\"noopener\"><span style=\"font-family: tahoma, arial, helvetica, sans-serif;\"><img decoding=\"async\" src=\"\/wp-content\/uploads\/2019\/09\/boton-verde-con-pdf-01.png\" alt=\"\" width=\"98\" height=\"25\" \/><\/span><\/a><\/p>\t\t\t\t\t\t\t\t<\/div>\n\t\t\t\t<\/div>\n\t\t\t\t\t<\/div>\n\t\t<\/div>\n\t\t\t\t\t<\/div>\n\t\t<\/section>\n\t\t\t\t<\/div>\n\t\t","protected":false},"excerpt":{"rendered":"<p>Programa de Gobierno Municipal 2024-2027 El Programa de Gobierno Municipal de Guanajuato 2024-2027 est\u00e1 construido sobre los principios de transparencia, compromiso y de trabajo conjunto. Es un instrumento de planeaci\u00f3n<\/p>\n<a class=\"btn_a\" href=\"https:\/\/www.implanguanajuato.gob.mx\/?page_id=14667\"><span><i class=\"in_left fa fa-angle-right\"><\/i><span>Details<\/span><i class=\"in_right fa fa-angle-right\"><\/i><\/span><\/a>","protected":false},"author":5,"featured_media":0,"parent":0,"menu_order":0,"comment_status":"closed","ping_status":"closed","template":"","meta":{"ngg_post_thumbnail":0,"footnotes":""},"class_list":["post-14667","page","type-page","status-publish","hentry"],"_links":{"self":[{"href":"https:\/\/www.implanguanajuato.gob.mx\/index.php?rest_route=\/wp\/v2\/pages\/14667","targetHints":{"allow":["GET"]}}],"collection":[{"href":"https:\/\/www.implanguanajuato.gob.mx\/index.php?rest_route=\/wp\/v2\/pages"}],"about":[{"href":"https:\/\/www.implanguanajuato.gob.mx\/index.php?rest_route=\/wp\/v2\/types\/page"}],"author":[{"embeddable":true,"href":"https:\/\/www.implanguanajuato.gob.mx\/index.php?rest_route=\/wp\/v2\/users\/5"}],"replies":[{"embeddable":true,"href":"https:\/\/www.implanguanajuato.gob.mx\/index.php?rest_route=%2Fwp%2Fv2%2Fcomments&post=14667"}],"version-history":[{"count":15,"href":"https:\/\/www.implanguanajuato.gob.mx\/index.php?rest_route=\/wp\/v2\/pages\/14667\/revisions"}],"predecessor-version":[{"id":15068,"href":"https:\/\/www.implanguanajuato.gob.mx\/index.php?rest_route=\/wp\/v2\/pages\/14667\/revisions\/15068"}],"wp:attachment":[{"href":"https:\/\/www.implanguanajuato.gob.mx\/index.php?rest_route=%2Fwp%2Fv2%2Fmedia&parent=14667"}],"curies":[{"name":"wp","href":"https:\/\/api.w.org\/{rel}","templated":true}]}}