{"id":1605,"date":"2020-07-28T14:18:54","date_gmt":"2020-07-28T19:18:54","guid":{"rendered":"http:\/\/www.implanguanajuato.gob.mx\/?page_id=1605"},"modified":"2021-04-26T16:30:44","modified_gmt":"2021-04-26T21:30:44","slug":"sistema-de-indicadores-por-subsistema","status":"publish","type":"page","link":"https:\/\/www.implanguanajuato.gob.mx\/?page_id=1605","title":{"rendered":"SISTEMA DE INDICADORES POR SUBSISTEMA"},"content":{"rendered":"\n<ol class=\"wp-block-list\" type=\"I\"><li>Coordinar la convocatoria de los integrantes del CIEGM para su instalaci\u00f3n y su operaci\u00f3n;<\/li><li>Auxiliar al Presidente en el desarrollo y buen funcionamiento de las sesiones del CIEGM;<\/li><li>Suplir al presidente en caso de ausencia;<\/li><li>Proponer los asuntos que considere deben incluirse en el orden del d\u00eda de las sesiones.<\/li><li>Coadyuvar en la organizaci\u00f3n y la celebraci\u00f3n de las sesiones del CIEGM y de los grupos de trabajo que se conformen;&nbsp;<\/li><li>Nombrar un suplente \u00fanico, mismo que deber\u00e1 ser un funcionario p\u00fablico perteneciente a su unidad administrativa de un nivel jer\u00e1rquico inmediato inferior al de \u00e9l;<\/li><li>Proponer al Presidente del Comit\u00e9 los asuntos que considere deben incluirse en el orden del d\u00eda de las sesiones del CIEGM;<\/li><li>Emitir las convocatorias para las sesiones del CIEGM;<\/li><li>Integrar los informes sobre los avances y resultados de sus Programas;<\/li><li>Solicitar a los integrantes del CIEGM informes sobre el avance en el cumplimiento de los acuerdos, as\u00ed como de los tr\u00e1mites y acciones realizadas por cada grupo de trabajo;<\/li><\/ol>\n\n\n\n<p style=\"text-align: center;\"><a class=\"maxbutton-17 maxbutton maxbutton-organo2\" target=\"_blank\" title=\"AYUDA 2\" rel=\"noopener\" href=\"http:\/\/www.implanguanajuato.gob.mx\/?page_id=2\"><span class='mb-text'>2. P\u00c1GINA NUEVA 2<\/span><\/a> <a class=\"maxbutton-20 maxbutton maxbutton-anuario\" target=\"_blank\" title=\"ayuda\" rel=\"noopener\" href=\"http:\/\/www.implanguanajuato.gob.mx\/?page_id=1605\"><span class='mb-text'>ANUARIOS ESTAD\u00cdSTICOS<\/span><\/a><\/p>\n\n\n\n<p><strong>Art\u00edculo 12. <\/strong>El Secretario T\u00e9cnico tendr\u00e1 las facultades siguientes:<\/p>\n\n\n\n<div id=\"footable_parent_4562\"\n         class=\" footable_parent ninja_table_wrapper loading_ninja_table wp_table_data_press_parent semantic_ui \">\n                <table data-ninja_table_instance=\"ninja_table_instance_0\" data-footable_id=\"4562\" data-filter-delay=\"1000\" aria-label=\"ACTAS\"            id=\"footable_4562\"\n           data-unique_identifier=\"ninja_table_unique_id_1227467307_4562\"\n           class=\" foo-table ninja_footable foo_table_4562 ninja_table_unique_id_1227467307_4562 ui table  nt_type_ajax_table selectable striped vertical_centered  footable-paging-right ninja_table_search_disabled ninja_table_pro\">\n                <colgroup>\n                            <col class=\"ninja_column_0 \">\n                            <col class=\"ninja_column_1 \">\n                            <col class=\"ninja_column_2 \">\n                    <\/colgroup>\n            <\/table>\n    \n    \n    \n<\/div>\n\n\n\n\n<figure class=\"wp-block-image size-large\"><img decoding=\"async\" src=\"blob:https:\/\/www.implanguanajuato.gob.mx\/52a93080-6d6e-462b-9eea-e6ad7e089119\" alt=\"\"\/><\/figure>\n\n\n\n\n\n<p><\/p>\n","protected":false},"excerpt":{"rendered":"<p>Coordinar la convocatoria de los integrantes del CIEGM para su instalaci\u00f3n y su operaci\u00f3n; Auxiliar al Presidente en el desarrollo y buen funcionamiento de las sesiones del CIEGM; Suplir al<\/p>\n<a class=\"btn_a\" href=\"https:\/\/www.implanguanajuato.gob.mx\/?page_id=1605\"><span><i class=\"in_left fa fa-angle-right\"><\/i><span>Details<\/span><i class=\"in_right fa fa-angle-right\"><\/i><\/span><\/a>","protected":false},"author":1,"featured_media":0,"parent":0,"menu_order":0,"comment_status":"closed","ping_status":"closed","template":"","meta":{"ngg_post_thumbnail":0,"footnotes":""},"class_list":["post-1605","page","type-page","status-publish","hentry"],"_links":{"self":[{"href":"https:\/\/www.implanguanajuato.gob.mx\/index.php?rest_route=\/wp\/v2\/pages\/1605","targetHints":{"allow":["GET"]}}],"collection":[{"href":"https:\/\/www.implanguanajuato.gob.mx\/index.php?rest_route=\/wp\/v2\/pages"}],"about":[{"href":"https:\/\/www.implanguanajuato.gob.mx\/index.php?rest_route=\/wp\/v2\/types\/page"}],"author":[{"embeddable":true,"href":"https:\/\/www.implanguanajuato.gob.mx\/index.php?rest_route=\/wp\/v2\/users\/1"}],"replies":[{"embeddable":true,"href":"https:\/\/www.implanguanajuato.gob.mx\/index.php?rest_route=%2Fwp%2Fv2%2Fcomments&post=1605"}],"version-history":[{"count":9,"href":"https:\/\/www.implanguanajuato.gob.mx\/index.php?rest_route=\/wp\/v2\/pages\/1605\/revisions"}],"predecessor-version":[{"id":4593,"href":"https:\/\/www.implanguanajuato.gob.mx\/index.php?rest_route=\/wp\/v2\/pages\/1605\/revisions\/4593"}],"wp:attachment":[{"href":"https:\/\/www.implanguanajuato.gob.mx\/index.php?rest_route=%2Fwp%2Fv2%2Fmedia&parent=1605"}],"curies":[{"name":"wp","href":"https:\/\/api.w.org\/{rel}","templated":true}]}}