{"id":8019,"date":"2022-05-16T10:43:28","date_gmt":"2022-05-16T15:43:28","guid":{"rendered":"http:\/\/www.implangto.gob.mx\/?page_id=8019"},"modified":"2026-01-27T13:27:50","modified_gmt":"2026-01-27T19:27:50","slug":"pmduoet-guanajuato-2050-2","status":"publish","type":"page","link":"https:\/\/www.implanguanajuato.gob.mx\/?page_id=8019","title":{"rendered":"PMDUOET GUANAJUATO 2050"},"content":{"rendered":"\t\t<div data-elementor-type=\"wp-page\" data-elementor-id=\"8019\" class=\"elementor elementor-8019\" data-elementor-post-type=\"page\">\n\t\t\t\t\t\t<section class=\"elementor-section elementor-top-section elementor-element elementor-element-418b429 elementor-section-boxed elementor-section-height-default elementor-section-height-default\" data-id=\"418b429\" data-element_type=\"section\" data-e-type=\"section\">\n\t\t\t\t\t\t<div class=\"elementor-container elementor-column-gap-default\">\n\t\t\t\t\t<div class=\"elementor-column elementor-col-100 elementor-top-column elementor-element elementor-element-e6a7161\" data-id=\"e6a7161\" data-element_type=\"column\" data-e-type=\"column\">\n\t\t\t<div class=\"elementor-widget-wrap elementor-element-populated\">\n\t\t\t\t\t\t<div class=\"elementor-element elementor-element-f12c8b1 elementor-widget elementor-widget-image\" data-id=\"f12c8b1\" data-element_type=\"widget\" data-e-type=\"widget\" data-widget_type=\"image.default\">\n\t\t\t\t<div class=\"elementor-widget-container\">\n\t\t\t\t\t\t\t\t\t\t\t\t\t\t\t<img fetchpriority=\"high\" decoding=\"async\" width=\"835\" height=\"281\" src=\"https:\/\/www.implanguanajuato.gob.mx\/wp-content\/uploads\/2022\/04\/Banner-PMDUOET-2022-1024x345.jpg\" class=\"attachment-large size-large wp-image-7913\" alt=\"\" srcset=\"https:\/\/www.implanguanajuato.gob.mx\/wp-content\/uploads\/2022\/04\/Banner-PMDUOET-2022-1024x345.jpg 1024w, https:\/\/www.implanguanajuato.gob.mx\/wp-content\/uploads\/2022\/04\/Banner-PMDUOET-2022-300x101.jpg 300w, https:\/\/www.implanguanajuato.gob.mx\/wp-content\/uploads\/2022\/04\/Banner-PMDUOET-2022-768x258.jpg 768w, https:\/\/www.implanguanajuato.gob.mx\/wp-content\/uploads\/2022\/04\/Banner-PMDUOET-2022-1536x517.jpg 1536w, https:\/\/www.implanguanajuato.gob.mx\/wp-content\/uploads\/2022\/04\/Banner-PMDUOET-2022-2048x689.jpg 2048w\" sizes=\"(max-width: 835px) 100vw, 835px\" \/>\t\t\t\t\t\t\t\t\t\t\t\t\t\t\t<\/div>\n\t\t\t\t<\/div>\n\t\t\t\t<div class=\"elementor-element elementor-element-d4e1893 elementor-widget elementor-widget-spacer\" data-id=\"d4e1893\" data-element_type=\"widget\" data-e-type=\"widget\" data-widget_type=\"spacer.default\">\n\t\t\t\t<div class=\"elementor-widget-container\">\n\t\t\t\t\t\t\t<div class=\"elementor-spacer\">\n\t\t\t<div class=\"elementor-spacer-inner\"><\/div>\n\t\t<\/div>\n\t\t\t\t\t\t<\/div>\n\t\t\t\t<\/div>\n\t\t\t\t<div class=\"elementor-element elementor-element-757db44 elementor-widget elementor-widget-text-editor\" data-id=\"757db44\" data-element_type=\"widget\" data-e-type=\"widget\" data-widget_type=\"text-editor.default\">\n\t\t\t\t<div class=\"elementor-widget-container\">\n\t\t\t\t\t\t\t\t\t<p style=\"text-align: justify;\">El 26 de septiembre del 2025 es publicado en el Peri\u00f3dico Oficial del Gobierno del Estado de Gto., el Programa Municipal de Desarrollo Urbano y Ordenamiento Ecol\u00f3gico Territorial de Guanajuato, actualmente en vigencia, se elabor\u00f3 con un principal enfoque de participaci\u00f3n social, con participaci\u00f3n en las etapas para definir las Agendas Ambientales y Urbano-Territoriales, a trav\u00e9s de encuestas; la Caracterizaci\u00f3n y Diagn\u00f3stico a trav\u00e9s de encuestas y seis talleres territoriales en diferentes polos de desarrollo del municipio con cartograf\u00eda participativa y \u00e1rboles de problemas, as\u00ed como un taller de expertos para la zonificaci\u00f3n primaria; la Prospectiva y Dise\u00f1o de Escenarios con un taller de expertos para jerarquizar los temas cr\u00edticos y el taller de Planeaci\u00f3n 2050 para generar la imagen objetivo; el Modelo de Ordenamiento Sustentable del Territorio (MOST), con mesas de trabajo tem\u00e1ticas; y los tres talleres territoriales para complementar la cartera del programa de proyectos, medidas, obras y acciones. En todos los casos, se busc\u00f3 una participaci\u00f3n abierta de la poblaci\u00f3n y con espacios para la opini\u00f3n de ni\u00f1os, ni\u00f1as y adolescentes.<\/p><p style=\"text-align: justify;\">En el art\u00edculo 277 de la Ley para el Gobierno y Administraci\u00f3n de los Municipios del Estado de Guanajuato se menciona que dicho programa contendr\u00e1 los objetivos y estrategias de uso y ocupaci\u00f3n del suelo, as\u00ed como la estrategia general de usos, reservas, destinos y provisiones de conformidad con la Ley de la materia, y ser\u00e1 elaborado por el organismo municipal de planeaci\u00f3n.<\/p>\t\t\t\t\t\t\t\t<\/div>\n\t\t\t\t<\/div>\n\t\t\t\t<div class=\"elementor-element elementor-element-0d6efc8 elementor-widget elementor-widget-spacer\" data-id=\"0d6efc8\" data-element_type=\"widget\" data-e-type=\"widget\" data-widget_type=\"spacer.default\">\n\t\t\t\t<div class=\"elementor-widget-container\">\n\t\t\t\t\t\t\t<div class=\"elementor-spacer\">\n\t\t\t<div class=\"elementor-spacer-inner\"><\/div>\n\t\t<\/div>\n\t\t\t\t\t\t<\/div>\n\t\t\t\t<\/div>\n\t\t\t\t\t<\/div>\n\t\t<\/div>\n\t\t\t\t\t<\/div>\n\t\t<\/section>\n\t\t\t\t<section class=\"elementor-section elementor-top-section elementor-element elementor-element-c60a848 elementor-section-boxed elementor-section-height-default elementor-section-height-default\" data-id=\"c60a848\" data-element_type=\"section\" data-e-type=\"section\">\n\t\t\t\t\t\t<div class=\"elementor-container elementor-column-gap-default\">\n\t\t\t\t\t<div class=\"elementor-column elementor-col-33 elementor-top-column elementor-element elementor-element-d051ffd\" data-id=\"d051ffd\" data-element_type=\"column\" data-e-type=\"column\">\n\t\t\t<div class=\"elementor-widget-wrap elementor-element-populated\">\n\t\t\t\t\t\t<div class=\"elementor-element elementor-element-4e71120 elementor-widget elementor-widget-heading\" data-id=\"4e71120\" data-element_type=\"widget\" data-e-type=\"widget\" data-widget_type=\"heading.default\">\n\t\t\t\t<div class=\"elementor-widget-container\">\n\t\t\t\t\t<h3 class=\"elementor-heading-title elementor-size-default\"><a href=\"http:\/\/www.implanguanajuato.gob.mx\/?page_id=7812\" target=\"_blank\">Proceso Administrativo<\/a><\/h3>\t\t\t\t<\/div>\n\t\t\t\t<\/div>\n\t\t\t\t<div class=\"elementor-element elementor-element-8e1ce14 elementor-widget elementor-widget-spacer\" data-id=\"8e1ce14\" data-element_type=\"widget\" data-e-type=\"widget\" data-widget_type=\"spacer.default\">\n\t\t\t\t<div class=\"elementor-widget-container\">\n\t\t\t\t\t\t\t<div class=\"elementor-spacer\">\n\t\t\t<div class=\"elementor-spacer-inner\"><\/div>\n\t\t<\/div>\n\t\t\t\t\t\t<\/div>\n\t\t\t\t<\/div>\n\t\t\t\t<div class=\"elementor-element elementor-element-53a8a4b elementor-widget elementor-widget-image\" data-id=\"53a8a4b\" data-element_type=\"widget\" data-e-type=\"widget\" data-widget_type=\"image.default\">\n\t\t\t\t<div class=\"elementor-widget-container\">\n\t\t\t\t\t\t\t\t\t\t\t\t\t\t\t\t<a href=\"http:\/\/www.implanguanajuato.gob.mx\/?page_id=7812\" target=\"_blank\">\n\t\t\t\t\t\t\t<img decoding=\"async\" width=\"835\" height=\"500\" src=\"https:\/\/www.implanguanajuato.gob.mx\/wp-content\/uploads\/2022\/03\/PADMON-PMDUOET-58-1024x613.jpg\" class=\"attachment-large size-large wp-image-7821\" alt=\"\" srcset=\"https:\/\/www.implanguanajuato.gob.mx\/wp-content\/uploads\/2022\/03\/PADMON-PMDUOET-58-1024x613.jpg 1024w, https:\/\/www.implanguanajuato.gob.mx\/wp-content\/uploads\/2022\/03\/PADMON-PMDUOET-58-300x180.jpg 300w, https:\/\/www.implanguanajuato.gob.mx\/wp-content\/uploads\/2022\/03\/PADMON-PMDUOET-58-768x460.jpg 768w, https:\/\/www.implanguanajuato.gob.mx\/wp-content\/uploads\/2022\/03\/PADMON-PMDUOET-58.jpg 1189w\" sizes=\"(max-width: 835px) 100vw, 835px\" \/>\t\t\t\t\t\t\t\t<\/a>\n\t\t\t\t\t\t\t\t\t\t\t\t\t\t\t<\/div>\n\t\t\t\t<\/div>\n\t\t\t\t\t<\/div>\n\t\t<\/div>\n\t\t\t\t<div class=\"elementor-column elementor-col-33 elementor-top-column elementor-element elementor-element-4927fd9\" data-id=\"4927fd9\" data-element_type=\"column\" data-e-type=\"column\">\n\t\t\t<div class=\"elementor-widget-wrap elementor-element-populated\">\n\t\t\t\t\t\t<div class=\"elementor-element elementor-element-9b0c491 elementor-widget elementor-widget-heading\" data-id=\"9b0c491\" data-element_type=\"widget\" data-e-type=\"widget\" data-widget_type=\"heading.default\">\n\t\t\t\t<div class=\"elementor-widget-container\">\n\t\t\t\t\t<h3 class=\"elementor-heading-title elementor-size-default\"><a href=\"http:\/\/www.implanguanajuato.gob.mx\/?page_id=8023\" target=\"_blank\">Etapas de Participaci\u00f3n Social<\/a><\/h3>\t\t\t\t<\/div>\n\t\t\t\t<\/div>\n\t\t\t\t<div class=\"elementor-element elementor-element-fc44f23 elementor-widget elementor-widget-image\" data-id=\"fc44f23\" data-element_type=\"widget\" data-e-type=\"widget\" data-widget_type=\"image.default\">\n\t\t\t\t<div class=\"elementor-widget-container\">\n\t\t\t\t\t\t\t\t\t\t\t\t\t\t\t\t<a href=\"http:\/\/www.implanguanajuato.gob.mx\/?page_id=8023\" target=\"_blank\">\n\t\t\t\t\t\t\t<img decoding=\"async\" width=\"835\" height=\"557\" src=\"https:\/\/www.implanguanajuato.gob.mx\/wp-content\/uploads\/2022\/05\/DSC_0061-1024x683.jpg\" class=\"attachment-large size-large wp-image-8030\" alt=\"\" srcset=\"https:\/\/www.implanguanajuato.gob.mx\/wp-content\/uploads\/2022\/05\/DSC_0061-1024x683.jpg 1024w, https:\/\/www.implanguanajuato.gob.mx\/wp-content\/uploads\/2022\/05\/DSC_0061-300x200.jpg 300w, https:\/\/www.implanguanajuato.gob.mx\/wp-content\/uploads\/2022\/05\/DSC_0061-768x512.jpg 768w, https:\/\/www.implanguanajuato.gob.mx\/wp-content\/uploads\/2022\/05\/DSC_0061-1536x1024.jpg 1536w, https:\/\/www.implanguanajuato.gob.mx\/wp-content\/uploads\/2022\/05\/DSC_0061-2048x1365.jpg 2048w, https:\/\/www.implanguanajuato.gob.mx\/wp-content\/uploads\/2022\/05\/DSC_0061-90x60.jpg 90w\" sizes=\"(max-width: 835px) 100vw, 835px\" \/>\t\t\t\t\t\t\t\t<\/a>\n\t\t\t\t\t\t\t\t\t\t\t\t\t\t\t<\/div>\n\t\t\t\t<\/div>\n\t\t\t\t\t<\/div>\n\t\t<\/div>\n\t\t\t\t<div class=\"elementor-column elementor-col-33 elementor-top-column elementor-element elementor-element-94fe457\" data-id=\"94fe457\" data-element_type=\"column\" data-e-type=\"column\">\n\t\t\t<div class=\"elementor-widget-wrap elementor-element-populated\">\n\t\t\t\t\t\t<div class=\"elementor-element elementor-element-2a6fc46 elementor-widget elementor-widget-spacer\" data-id=\"2a6fc46\" data-element_type=\"widget\" data-e-type=\"widget\" data-widget_type=\"spacer.default\">\n\t\t\t\t<div class=\"elementor-widget-container\">\n\t\t\t\t\t\t\t<div class=\"elementor-spacer\">\n\t\t\t<div class=\"elementor-spacer-inner\"><\/div>\n\t\t<\/div>\n\t\t\t\t\t\t<\/div>\n\t\t\t\t<\/div>\n\t\t\t\t<div class=\"elementor-element elementor-element-578c2c8 elementor-widget elementor-widget-heading\" data-id=\"578c2c8\" data-element_type=\"widget\" data-e-type=\"widget\" data-widget_type=\"heading.default\">\n\t\t\t\t<div class=\"elementor-widget-container\">\n\t\t\t\t\t<h3 class=\"elementor-heading-title elementor-size-default\"><a href=\"http:\/\/www.implanguanajuato.gob.mx\/?page_id=8026\" target=\"_blank\">Cap\u00edtulos<\/a><\/h3>\t\t\t\t<\/div>\n\t\t\t\t<\/div>\n\t\t\t\t<div class=\"elementor-element elementor-element-0d46fe4 elementor-widget elementor-widget-spacer\" data-id=\"0d46fe4\" data-element_type=\"widget\" data-e-type=\"widget\" data-widget_type=\"spacer.default\">\n\t\t\t\t<div class=\"elementor-widget-container\">\n\t\t\t\t\t\t\t<div class=\"elementor-spacer\">\n\t\t\t<div class=\"elementor-spacer-inner\"><\/div>\n\t\t<\/div>\n\t\t\t\t\t\t<\/div>\n\t\t\t\t<\/div>\n\t\t\t\t<div class=\"elementor-element elementor-element-8b600fb elementor-widget elementor-widget-image\" data-id=\"8b600fb\" data-element_type=\"widget\" data-e-type=\"widget\" data-widget_type=\"image.default\">\n\t\t\t\t<div class=\"elementor-widget-container\">\n\t\t\t\t\t\t\t\t\t\t\t\t\t\t\t\t<a href=\"http:\/\/www.implanguanajuato.gob.mx\/?page_id=8026\" target=\"_blank\">\n\t\t\t\t\t\t\t<img loading=\"lazy\" decoding=\"async\" width=\"764\" height=\"450\" src=\"https:\/\/www.implanguanajuato.gob.mx\/wp-content\/uploads\/2022\/03\/Imagen-para-miniatura-arranque-trabajos-e1648578979875.jpg\" class=\"attachment-large size-large wp-image-7815\" alt=\"\" \/>\t\t\t\t\t\t\t\t<\/a>\n\t\t\t\t\t\t\t\t\t\t\t\t\t\t\t<\/div>\n\t\t\t\t<\/div>\n\t\t\t\t\t<\/div>\n\t\t<\/div>\n\t\t\t\t\t<\/div>\n\t\t<\/section>\n\t\t\t\t<section class=\"elementor-section elementor-top-section elementor-element elementor-element-76ca7d4 elementor-section-boxed elementor-section-height-default elementor-section-height-default\" data-id=\"76ca7d4\" data-element_type=\"section\" data-e-type=\"section\">\n\t\t\t\t\t\t<div class=\"elementor-container elementor-column-gap-default\">\n\t\t\t\t\t<div class=\"elementor-column elementor-col-100 elementor-top-column elementor-element elementor-element-8eeefda\" data-id=\"8eeefda\" data-element_type=\"column\" data-e-type=\"column\">\n\t\t\t<div class=\"elementor-widget-wrap elementor-element-populated\">\n\t\t\t\t\t\t<div class=\"elementor-element elementor-element-170b1b9 elementor-widget elementor-widget-spacer\" data-id=\"170b1b9\" data-element_type=\"widget\" data-e-type=\"widget\" data-widget_type=\"spacer.default\">\n\t\t\t\t<div class=\"elementor-widget-container\">\n\t\t\t\t\t\t\t<div class=\"elementor-spacer\">\n\t\t\t<div class=\"elementor-spacer-inner\"><\/div>\n\t\t<\/div>\n\t\t\t\t\t\t<\/div>\n\t\t\t\t<\/div>\n\t\t\t\t\t<\/div>\n\t\t<\/div>\n\t\t\t\t\t<\/div>\n\t\t<\/section>\n\t\t\t\t<section class=\"elementor-section elementor-top-section elementor-element elementor-element-696754a elementor-section-boxed elementor-section-height-default elementor-section-height-default\" data-id=\"696754a\" data-element_type=\"section\" data-e-type=\"section\">\n\t\t\t\t\t\t<div class=\"elementor-container elementor-column-gap-default\">\n\t\t\t\t\t<div class=\"elementor-column elementor-col-50 elementor-top-column elementor-element elementor-element-dbccb3e\" data-id=\"dbccb3e\" data-element_type=\"column\" data-e-type=\"column\">\n\t\t\t<div class=\"elementor-widget-wrap elementor-element-populated\">\n\t\t\t\t\t\t<div class=\"elementor-element elementor-element-9272c1a elementor-widget elementor-widget-text-editor\" data-id=\"9272c1a\" data-element_type=\"widget\" data-e-type=\"widget\" data-widget_type=\"text-editor.default\">\n\t\t\t\t<div class=\"elementor-widget-container\">\n\t\t\t\t\t\t\t\t\t<p style=\"text-align: right;\">Te invitamos a seguir cada etapa a trav\u00e9s de nuestras redes sociales:<\/p>\t\t\t\t\t\t\t\t<\/div>\n\t\t\t\t<\/div>\n\t\t\t\t\t<\/div>\n\t\t<\/div>\n\t\t\t\t<div class=\"elementor-column elementor-col-50 elementor-top-column elementor-element elementor-element-d588fb9\" data-id=\"d588fb9\" data-element_type=\"column\" data-e-type=\"column\">\n\t\t\t<div class=\"elementor-widget-wrap elementor-element-populated\">\n\t\t\t\t\t\t<div class=\"elementor-element elementor-element-ebef501 elementor-grid-2 e-grid-align-left elementor-shape-rounded elementor-widget elementor-widget-social-icons\" data-id=\"ebef501\" data-element_type=\"widget\" data-e-type=\"widget\" data-widget_type=\"social-icons.default\">\n\t\t\t\t<div class=\"elementor-widget-container\">\n\t\t\t\t\t\t\t<div class=\"elementor-social-icons-wrapper elementor-grid\" role=\"list\">\n\t\t\t\t\t\t\t<span class=\"elementor-grid-item\" role=\"listitem\">\n\t\t\t\t\t<a class=\"elementor-icon elementor-social-icon elementor-social-icon-facebook elementor-repeater-item-d26ac2d\" href=\"https:\/\/www.facebook.com\/ImplanGto\" target=\"_blank\">\n\t\t\t\t\t\t<span class=\"elementor-screen-only\">Facebook<\/span>\n\t\t\t\t\t\t<i aria-hidden=\"true\" class=\"fab fa-facebook\"><\/i>\t\t\t\t\t<\/a>\n\t\t\t\t<\/span>\n\t\t\t\t\t\t\t<span class=\"elementor-grid-item\" role=\"listitem\">\n\t\t\t\t\t<a class=\"elementor-icon elementor-social-icon elementor-social-icon-youtube elementor-repeater-item-6bc3f0f\" href=\"https:\/\/www.youtube.com\/channel\/UCXj-NYOHy8oy2Vg4yjpYOgQ\" target=\"_blank\">\n\t\t\t\t\t\t<span class=\"elementor-screen-only\">Youtube<\/span>\n\t\t\t\t\t\t<i aria-hidden=\"true\" class=\"fab fa-youtube\"><\/i>\t\t\t\t\t<\/a>\n\t\t\t\t<\/span>\n\t\t\t\t\t<\/div>\n\t\t\t\t\t\t<\/div>\n\t\t\t\t<\/div>\n\t\t\t\t\t<\/div>\n\t\t<\/div>\n\t\t\t\t\t<\/div>\n\t\t<\/section>\n\t\t\t\t<section class=\"elementor-section elementor-top-section elementor-element elementor-element-dffc67f elementor-section-boxed elementor-section-height-default elementor-section-height-default\" data-id=\"dffc67f\" data-element_type=\"section\" data-e-type=\"section\">\n\t\t\t\t\t\t<div class=\"elementor-container elementor-column-gap-default\">\n\t\t\t\t\t<div class=\"elementor-column elementor-col-100 elementor-top-column elementor-element elementor-element-49f56c4\" data-id=\"49f56c4\" data-element_type=\"column\" data-e-type=\"column\">\n\t\t\t<div class=\"elementor-widget-wrap elementor-element-populated\">\n\t\t\t\t\t\t\t<\/div>\n\t\t<\/div>\n\t\t\t\t\t<\/div>\n\t\t<\/section>\n\t\t\t\t<\/div>\n\t\t","protected":false},"excerpt":{"rendered":"<p>El 26 de septiembre del 2025 es publicado en el Peri\u00f3dico Oficial del Gobierno del Estado de Gto., el Programa Municipal de Desarrollo Urbano y Ordenamiento Ecol\u00f3gico Territorial de Guanajuato,<\/p>\n<a class=\"btn_a\" href=\"https:\/\/www.implanguanajuato.gob.mx\/?page_id=8019\"><span><i class=\"in_left fa fa-angle-right\"><\/i><span>Details<\/span><i class=\"in_right fa fa-angle-right\"><\/i><\/span><\/a>","protected":false},"author":5,"featured_media":0,"parent":0,"menu_order":0,"comment_status":"closed","ping_status":"closed","template":"","meta":{"ngg_post_thumbnail":0,"footnotes":""},"class_list":["post-8019","page","type-page","status-publish","hentry"],"_links":{"self":[{"href":"https:\/\/www.implanguanajuato.gob.mx\/index.php?rest_route=\/wp\/v2\/pages\/8019","targetHints":{"allow":["GET"]}}],"collection":[{"href":"https:\/\/www.implanguanajuato.gob.mx\/index.php?rest_route=\/wp\/v2\/pages"}],"about":[{"href":"https:\/\/www.implanguanajuato.gob.mx\/index.php?rest_route=\/wp\/v2\/types\/page"}],"author":[{"embeddable":true,"href":"https:\/\/www.implanguanajuato.gob.mx\/index.php?rest_route=\/wp\/v2\/users\/5"}],"replies":[{"embeddable":true,"href":"https:\/\/www.implanguanajuato.gob.mx\/index.php?rest_route=%2Fwp%2Fv2%2Fcomments&post=8019"}],"version-history":[{"count":31,"href":"https:\/\/www.implanguanajuato.gob.mx\/index.php?rest_route=\/wp\/v2\/pages\/8019\/revisions"}],"predecessor-version":[{"id":15431,"href":"https:\/\/www.implanguanajuato.gob.mx\/index.php?rest_route=\/wp\/v2\/pages\/8019\/revisions\/15431"}],"wp:attachment":[{"href":"https:\/\/www.implanguanajuato.gob.mx\/index.php?rest_route=%2Fwp%2Fv2%2Fmedia&parent=8019"}],"curies":[{"name":"wp","href":"https:\/\/api.w.org\/{rel}","templated":true}]}}